 factors of 42931.
7, 6133
What are the prime factors of 1784?
2, 223
What are the prime factors of 21881?
21881
What are the prime factors of 3973?
29, 137
List the prime factors of 69285.
3, 5, 31, 149
What are the prime factors of 571?
571
List the prime factors of 90098.
2, 19, 2371
List the prime factors of 111262.
2, 55631
What are the prime factors of 7778?
2, 3889
List the prime factors of 76286.
2, 7, 5449
What are the prime factors of 65036?
2, 71, 229
List the prime factors of 4532.
2, 11, 103
What are the prime factors of 26694?
2, 3, 1483
What are the prime factors of 809?
809
What are the prime factors of 117253?
37, 3169
List the prime factors of 3587.
17, 211
List the prime factors of 7325.
5, 293
What are the prime factors of 46661?
29, 1609
List the prime factors of 816.
2, 3, 17
List the prime factors of 1271.
31, 41
What are the prime factors of 26273?
13, 43, 47
List the prime factors of 73064.
2, 9133
List the prime factors of 139453.
37, 3769
List the prime factors of 7392.
2, 3, 7, 11
List the prime factors of 1065.
3, 5, 71
List the prime factors of 12084.
2, 3, 19, 53
What are the prime factors of 1337?
7, 191
List the prime factors of 44803.
11, 4073
List the prime factors of 2530.
2, 5, 11, 23
List the prime factors of 36645.
3, 5, 7, 349
What are the prime factors of 9895?
5, 1979
What are the prime factors of 12905?
5, 29, 89
List the prime factors of 366.
2, 3, 61
What are the prime factors of 61043?
61043
What are the prime factors of 1602?
2, 3, 89
What are the prime factors of 22567?
22567
What are the prime factors of 671?
11, 61
List the prime factors of 57235.
5, 11447
List the prime factors of 4400.
2, 5, 11
What are the prime factors of 4638?
2, 3, 773
List the prime factors of 267.
3, 89
List the prime factors of 56388.
2, 3, 37, 127
List the prime factors of 8394.
2, 3, 1399
List the prime factors of 374.
2, 11, 17
List the prime factors of 25847.
25847
What are the prime factors of 3846?
2, 3, 641
List the prime factors of 3190.
2, 5, 11, 29
List the prime factors of 3397.
43, 79
What are the prime factors of 10940?
2, 5, 547
What are the prime factors of 494?
2, 13, 19
What are the prime factors of 3457?
3457
What are the prime factors of 74396?
2, 7, 2657
What are the prime factors of 25159?
139, 181
List the prime factors of 500.
2, 5
What are the prime factors of 5990?
2, 5, 599
List the prime factors of 23119.
61, 379
List the prime factors of 121949.
121949
List the prime factors of 17310.
2, 3, 5, 577
List the prime factors of 13154.
2, 6577
What are the prime factors of 120?
2, 3, 5
List the prime factors of 14238.
2, 3, 7, 113
List the prime factors of 9252.
2, 3, 257
List the prime factors of 1142.
2, 571
What are the prime factors of 2446?
2, 1223
List the prime factors of 15146.
2, 7573
What are the prime factors of 5637?
3, 1879
List the prime factors of 522.
2, 3, 29
What are the prime factors of 45998?
2, 109, 211
What are the prime factors of 10360?
2, 5, 7, 37
What are the prime factors of 8285?
5, 1657
List the prime factors of 53036.
2, 13259
List the prime factors of 29865.
3, 5, 11, 181
What are the prime factors of 4044?
2, 3, 337
What are the prime factors of 19857?
3, 6619
What are the prime factors of 3390?
2, 3, 5, 113
What are the prime factors of 26096?
2, 7, 233
What are the prime factors of 189752?
2, 23719
What are the prime factors of 200?
2, 5
List the prime factors of 36707.
11, 47, 71
What are the prime factors of 7186?
2, 3593
List the prime factors of 104914.
2, 52457
What are the prime factors of 107480?
2, 5, 2687
What are the prime factors of 65620?
2, 5, 17, 193
What are the prime factors of 57569?
23, 2503
List the prime factors of 40425.
3, 5, 7, 11
List the prime factors of 6124.
2, 1531
What are the prime factors of 6297?
3, 2099
What are the prime factors of 9449?
11, 859
List the prime factors of 246.
2, 3, 41
List the prime factors of 50097.
3, 16699
List the prime factors of 84197.
269, 313
List the prime factors of 3338.
2, 1669
What are the prime factors of 449?
449
List the prime factors of 1785.
3, 5, 7, 17
What are the prime factors of 188?
2, 47
What are the prime factors of 6281?
11, 571
What are the prime factors of 5105?
5, 1021
What are the prime factors of 3080?
2, 5, 7, 11
List the prime factors of 85058.
2, 71, 599
List the prime factors of 3618.
2, 3, 67
What are the prime factors of 51434?
2, 25717
List the prime factors of 68067.
3, 2521
List the prime factors of 1317.
3, 439
What are the prime factors of 10616?
2, 1327
What are the prime factors of 4372?
2, 1093
List the prime factors of 29498.
2, 7, 43
What are the prime factors of 6081?
3, 2027
What are the prime factors of 11170?
2, 5, 1117
List the prime factors of 26872.
2, 3359
What are the prime factors of 69744?
2, 3, 1453
List the prime factors of 2091.
3, 17, 41
What are the prime factors of 12118?
2, 73, 83
What are the prime factors of 9303?
3, 7, 443
List the prime factors of 5031.
3, 13, 43
List the prime factors of 3384.
2, 3, 47
List the prime factors of 65362.
2, 11, 2971
What are the prime factors of 35504?
2, 7, 317
List the prime factors of 158010.
2, 3, 5, 23, 229
What are the prime factors of 676?
2, 13
What are the prime factors of 2543?
2543
List the prime factors of 4496.
2, 281
What are the prime factors of 6481?
6481
List the prime factors of 1564.
2, 17, 23
What are the prime factors of 7237?
7237
What are the prime factors of 2241?
3, 83
List the prime factors of 52376.
2, 6547
List the prime factors of 4789.
4789
What are the prime factors of 9329?
19, 491
List the prime factors of 4825.
5, 193
What are the prime factors of 7814?
2, 3907
List the prime factors of 36567.
3, 17, 239
What are the prime factors of 2938?
2, 13, 113
What are the prime factors of 55048?
2, 7, 983
What are the prime factors of 42426?
2, 3, 2357
List the prime factors of 4442.
2, 2221
What are the prime factors of 59444?
2, 7, 11, 193
List the prime factors of 4455.
3, 5, 11
What are the prime factors of 847?
7, 11
List the prime factors of 2332.
2, 11, 53
List the prime factors of 16947.
3, 7, 269
List the prime factors of 26705.
5, 7, 109
What are the prime factors of 63616?
2, 7, 71
What are the prime factors of 1386?
2, 3, 7, 11
List the prime factors of 23969.
11, 2179
What are the prime factors of 40?
2, 5
What are the prime factors of 84?
2, 3, 7
What are the prime factors of 1595?
5, 11, 29
What are the prime factors of 3776?
2, 59
What are the prime factors of 60?
2, 3, 5
List the prime factors of 51171.
3, 37, 461
List the prime factors of 911.
911
What are the prime factors of 3438?
2, 3, 191
List the prime factors of 20292.
2, 3, 19, 89
What are the prime factors of 4773?
3, 37, 43
What are the prime factors of 5521?
5521
What are the prime factors of 130413?
3, 29, 1499
List the prime factors of 29287.
29287
What are the prime factors of 10344?
2, 3, 431
List the prime factors of 51981.
3, 17327
What are the prime factors of 859?
859
What are the prime factors of 6281?
11, 571
List the prime factors of 1627.
1627
List the prime factors of 1740.
2, 3, 5, 29
What are the prime factors of 54883?
71, 773
List the prime factors of 13360.
2, 5, 167
List the prime factors of 244.
2, 61
What are the prime factors of 7766?
2, 11, 353
List the prime factors of 4378.
2, 11, 199
List the prime factors of 14233.
43, 331
List the prime factors of 1634.
2, 19, 43
What are the prime factors of 51347?
51347
List the prime factors of 5349.
3, 1783
What are the prime factors of 2801?
2801
List the prime factors of 1877.
1877
What are the prime factors of 1051?
1051
List the prime factors of 2143.
2143
List the prime factors of 46891.
13, 3607
List the prime factors of 28872.
2, 3, 401
List the prime factors of 484.
2, 11
What are the prime factors of 39909?
3, 53, 251
List the prime factors of 2019.
3, 673
What are the prime factors of 63175?
5, 7, 19
List the prime factors of 3911.
3911
List the prime factors of 959.
7, 137
List the prime factors of 26469.
3, 17, 173
List the prime factors of 6051.
3, 2017
What are the prime factors of 10837?
10837
List the prime factors of 11696.
2, 17, 43
What are the prime factors of 2210?
2, 5, 13, 17
What are the prime factors of 3341?
13, 257
L